{"id":681,"date":"2023-09-10T19:31:40","date_gmt":"2023-09-10T17:31:40","guid":{"rendered":"https:\/\/saphir-computer.de\/willkommen\/?page_id=681"},"modified":"2023-09-18T06:55:34","modified_gmt":"2023-09-18T04:55:34","slug":"home-security","status":"publish","type":"page","link":"https:\/\/saphir-computer.de\/willkommen\/home-security","title":{"rendered":"Home Security"},"content":{"rendered":"\n<h1 class=\"wp-block-heading has-text-align-center\">Home Security<\/h1>\n\n\n\n<p class=\"has-text-align-center\"><br>Ob Sie Ihr Zuhause sch\u00fctzen und \u00fcberwachen m\u00f6chten oder Ihr Gewerbe. Mit einer gemischten Palette aus smarten Elementen, die geb\u00fcndelt<br>an einem Home Server angeschlossen sind, haben Sie die M\u00f6glichkeit die Bereiche, die Ihnen wichtig sind, abzusichern. <br>Angefangen \u00fcber T\u00fcr- und Fensterkontakten, Glasbruchsensoren, Bewegungsmeldern oder Ersch\u00fctterungssensoren. Das sind nur Teile aus dem Katalog, <br>der nach Ihrem Belieben erweiterbar w\u00e4re.<\/p>\n\n\n\n<h4 class=\"wp-block-heading has-text-align-center\">In vereinzelten F\u00e4llen Elektro Fachbetrieb notwendig.<\/h4>\n\n\n\n<p class=\"has-text-align-center\">Im Falle eines Zusammenspiels mit der bestehenden Hauselektrik oder einer notwendigen Erweiterung oder Anpassung in dieser Richtung,<br>nehmen wir gerne Kontakt zu einem Elektro-Fachbetrieb auf, der in diesem Fall die Vorbereitungen trifft.<br><\/p>\n\n\n\n<hr class=\"wp-block-separator has-alpha-channel-opacity\"\/>\n\n\n\n<p class=\"has-text-align-center\"><br>Falls Sie gesondert oder im Zusammenhang noch an eine individuelle und \u00fcberschaubare Video\u00fcberwachung denken,<br>k\u00f6nnen wir Ihnen gerne helfen. Von der Planung bis zum Tagesbetrieb durch installierte Hard- und Software f\u00fcr Kameras und angeschlossenem Server. <br>Sie k\u00f6nnen bequem von \u00fcberall aus Ihr System abfragen, ob einfache Live-Ansicht oder individuell abfragbare Aufzeichnungen in der Nacht, <br>zum Teil in Farbe. Wir helfen Ihnen und besprechen Ihr Vorhaben gerne vor Ort, samt eines Angebotes \u00fcber die Hard- und Software sowie die damit verbundenen Dienstleistungen, Montage, Installation und Einweisung.<br> <br>Wir arbeiten mit namhaften Artikeln und gew\u00e4hrleisten dadurch eine Skalierung bei vollwertiger Kompatiblit\u00e4t.<br>Wir ber\u00fccksichtigen dabei Ihre speziellen Anforderungen. Bedienbar von einer Weboberfl\u00e4che oder Android, bzw. Apple-Ger\u00e4ten.<br>Ob Live Ansicht oder Zugriff auf gespeicherte Aufzeichnungen, welche abh\u00e4ngig von der jeweiligen Aufl\u00f6sung und Speichergr\u00f6\u00dfe sind,<br>bis hin zu Aufnahmen anschaubar und zum Download nach Kalendertag und und Uhrzeit.<\/p>\n\n\n\n<h4 class=\"wp-block-heading has-text-align-center\">IP-Kameras mit hoher Aufl\u00f6sung und zahlreichen M\u00f6glichkeiten,<br>in Zusammenspiel mit einem Server oder einer NAS Station<br><br>Erweiterbar in Leistung, Speichergr\u00f6\u00dfe und Lizenzen f\u00fcr die<br>eingesetzten Kameras <\/h4>\n\n\n\n<hr class=\"wp-block-separator has-alpha-channel-opacity\"\/>\n\n\n\n<p class=\"has-text-align-center\"><br>Wir pflegen unsere Produktpalette und k\u00f6nnen auf eine langj\u00e4hrige Erfahrung in diesem Bereich zur\u00fcckgreifen. <\/p>\n","protected":false},"excerpt":{"rendered":"<p>Home Security Ob Sie Ihr Zuhause sch\u00fctzen und \u00fcberwachen m\u00f6chten oder Ihr Gewerbe. Mit einer gemischten Palette aus smarten Elementen, die geb\u00fcndeltan einem Home Server angeschlossen sind, haben Sie die M\u00f6glichkeit die Bereiche, die Ihnen wichtig sind, abzusichern. Angefangen \u00fcber T\u00fcr- und Fensterkontakten, Glasbruchsensoren, Bewegungsmeldern oder Ersch\u00fctterungssensoren. Das sind nur Teile aus dem Katalog, der&hellip;&nbsp;<a href=\"https:\/\/saphir-computer.de\/willkommen\/home-security\" class=\"\" rel=\"bookmark\">Weiterlesen &raquo;<span class=\"screen-reader-text\">Home Security<\/span><\/a><\/p>\n","protected":false},"author":2,"featured_media":0,"parent":0,"menu_order":0,"comment_status":"closed","ping_status":"closed","template":"","meta":{"neve_meta_sidebar":"","neve_meta_container":"","neve_meta_enable_content_width":"","neve_meta_content_width":0,"neve_meta_title_alignment":"","neve_meta_author_avatar":"","neve_post_elements_order":"","neve_meta_disable_header":"","neve_meta_disable_footer":"","neve_meta_disable_title":"","neve_meta_reading_time":"","footnotes":""},"class_list":["post-681","page","type-page","status-publish","hentry"],"aioseo_notices":[],"_links":{"self":[{"href":"https:\/\/saphir-computer.de\/willkommen\/wp-json\/wp\/v2\/pages\/681","targetHints":{"allow":["GET"]}}],"collection":[{"href":"https:\/\/saphir-computer.de\/willkommen\/wp-json\/wp\/v2\/pages"}],"about":[{"href":"https:\/\/saphir-computer.de\/willkommen\/wp-json\/wp\/v2\/types\/page"}],"author":[{"embeddable":true,"href":"https:\/\/saphir-computer.de\/willkommen\/wp-json\/wp\/v2\/users\/2"}],"replies":[{"embeddable":true,"href":"https:\/\/saphir-computer.de\/willkommen\/wp-json\/wp\/v2\/comments?post=681"}],"version-history":[{"count":15,"href":"https:\/\/saphir-computer.de\/willkommen\/wp-json\/wp\/v2\/pages\/681\/revisions"}],"predecessor-version":[{"id":746,"href":"https:\/\/saphir-computer.de\/willkommen\/wp-json\/wp\/v2\/pages\/681\/revisions\/746"}],"wp:attachment":[{"href":"https:\/\/saphir-computer.de\/willkommen\/wp-json\/wp\/v2\/media?parent=681"}],"curies":[{"name":"wp","href":"https:\/\/api.w.org\/{rel}","templated":true}]}}