{"id":604,"date":"2023-09-06T19:06:17","date_gmt":"2023-09-06T17:06:17","guid":{"rendered":"https:\/\/saphir-computer.de\/willkommen\/?page_id=604"},"modified":"2023-09-27T17:28:06","modified_gmt":"2023-09-27T15:28:06","slug":"telefon","status":"publish","type":"page","link":"https:\/\/saphir-computer.de\/willkommen\/telefon","title":{"rendered":"Telefon"},"content":{"rendered":"\n<h1 class=\"wp-block-heading has-text-align-center\">Internet und Festnetz Telefonie<\/h1>\n\n\n\n<p class=\"has-text-align-center\">Geht es um einen neuen Internetanschluss?<br><br>Brauchen Sie Unterst\u00fctzung bei der Einrichtung Ihres Routers und Ihrer Telefone?<br><br>Planen Sie einen Umbau oder eine Renovierung?<br><br>Wollen Sie \u00c4nderungen an Ihrem bestehenden Internetanschluss oder Ihrer<br><br>Festnetz Telefonie vornehmen?<\/p>\n\n\n\n<h4 class=\"wp-block-heading has-text-align-center\">Wir sind Ihr Partner&#8230; von der Planung bis zum Endbetrieb<\/h4>\n\n\n\n<p class=\"has-text-align-center\">Gerne begleiten wir Sie in den Phasen eines Wechsels oder Neuanschlusses.<br>Wir helfen Ihnen bei der Beantragung oder eines Wechsels zu einem anderen<br>Anbieter.<\/p>\n\n\n\n<p class=\"has-text-align-center\">Wir beraten Sie unabh\u00e4ngig und unterbreiten Ihnen Vorschl\u00e4ge<br>f\u00fcr einen Betrieb Zuhause oder in Ihrer Firma. Wir schauen uns Ihre bestehende<br>Infrastruktur an und pr\u00fcfen wie und ob es m\u00f6glich ist, Internet und Telefonie<br>miteinander zu kombinieren.<\/p>\n\n\n\n<p class=\"has-text-align-center\">Ihr gew\u00e4hlter Router kann von uns installiert und konfiguriert werden.<br>Gemeinsam mit Ihnen, legen wir den Endbetrieb fest und ebnen den Weg<br>f\u00fcr LAN\/WLAN, Telefone und andere Produkte, welche eine Anbindung an<br>Ihr Heimnetz, bzw. das Internet haben. Wie zum Beispiel Smart Produkte usw.<\/p>\n\n\n\n<p class=\"has-text-align-center\">Desweiteren installieren und konfigurieren wir Ihre Telefone und passendes Zubeh\u00f6r.<\/p>\n\n\n\n<h4 class=\"wp-block-heading has-text-align-center\">Planen Sie mit uns gemeinsam die Schritte zu einem guten, sicheren und durchdachten<br>Netzwerk samt angeschlossener Endger\u00e4te. Von Telefon bis hin zu smartem Zubeh\u00f6r.<\/h4>\n\n\n\n<p class=\"has-text-align-center\">In Absprache mit Ihnen und den Vorraussetzungen des jeweiligen Geb\u00e4udes,<br>errichten wir ein Netzwerk, welches untereinander kompatibel ist durch MESH, LAN\/WLAN.<\/p>\n\n\n\n<hr class=\"wp-block-separator has-alpha-channel-opacity\"\/>\n\n\n\n<h4 class=\"wp-block-heading has-text-align-center\">Alles aus einer Hand<\/h4>\n\n\n\n<p class=\"has-text-align-center\">Gerne verkaufen wir zu unseren Dienstleistungen noch passende Produkte, wie<br>Router, Repeater, Telefone, Adapter, sonstige Endger\u00e4te.<\/p>\n\n\n\n<p class=\"has-text-align-center\">Vom Erstkontakt durch ein unverbindliches Beratungsgespr\u00e4ch vor Ort, bis hin zum<br>funktionsf\u00e4higen Endbetrieb mit entsprechender Auslastung freuen wir uns auf eine<br>Zusammenarbeit mit Ihnen.<\/p>\n\n\n\n<p class=\"has-text-align-center\">Wir arbeiten und handeln mit qualitativen Endprodukten und haben Zugriff auf<br>Handb\u00fccher, Zubeh\u00f6r und sonstige Unterst\u00fctzung.<\/p>\n\n\n\n<p class=\"has-text-align-center\">Wir kennen uns mit verschiedener Technik aus. Stehen zudem mit Providern und<br>H\u00e4ndlern in Kontakt und k\u00f6nnen so den Anforderungen und Erwartungen gerecht werden.<\/p>\n\n\n\n<hr class=\"wp-block-separator has-alpha-channel-opacity\"\/>\n\n\n\n<h4 class=\"wp-block-heading has-text-align-center\">Rufen Sie am Besten an:<br><br>Telefon 0 25 43 \/ 30 49 66 oder Mobil: 0 1 5 7 3 &#8211; 1620613<\/h4>\n","protected":false},"excerpt":{"rendered":"<p>Internet und Festnetz Telefonie Geht es um einen neuen Internetanschluss? Brauchen Sie Unterst\u00fctzung bei der Einrichtung Ihres Routers und Ihrer Telefone? Planen Sie einen Umbau oder eine Renovierung? Wollen Sie \u00c4nderungen an Ihrem bestehenden Internetanschluss oder Ihrer Festnetz Telefonie vornehmen? Wir sind Ihr Partner&#8230; von der Planung bis zum Endbetrieb Gerne begleiten wir Sie in&hellip;&nbsp;<a href=\"https:\/\/saphir-computer.de\/willkommen\/telefon\" class=\"\" rel=\"bookmark\">Weiterlesen &raquo;<span class=\"screen-reader-text\">Telefon<\/span><\/a><\/p>\n","protected":false},"author":2,"featured_media":0,"parent":0,"menu_order":0,"comment_status":"closed","ping_status":"closed","template":"","meta":{"neve_meta_sidebar":"","neve_meta_container":"","neve_meta_enable_content_width":"","neve_meta_content_width":0,"neve_meta_title_alignment":"","neve_meta_author_avatar":"","neve_post_elements_order":"","neve_meta_disable_header":"","neve_meta_disable_footer":"","neve_meta_disable_title":"","neve_meta_reading_time":"","footnotes":""},"class_list":["post-604","page","type-page","status-publish","hentry"],"aioseo_notices":[],"_links":{"self":[{"href":"https:\/\/saphir-computer.de\/willkommen\/wp-json\/wp\/v2\/pages\/604","targetHints":{"allow":["GET"]}}],"collection":[{"href":"https:\/\/saphir-computer.de\/willkommen\/wp-json\/wp\/v2\/pages"}],"about":[{"href":"https:\/\/saphir-computer.de\/willkommen\/wp-json\/wp\/v2\/types\/page"}],"author":[{"embeddable":true,"href":"https:\/\/saphir-computer.de\/willkommen\/wp-json\/wp\/v2\/users\/2"}],"replies":[{"embeddable":true,"href":"https:\/\/saphir-computer.de\/willkommen\/wp-json\/wp\/v2\/comments?post=604"}],"version-history":[{"count":4,"href":"https:\/\/saphir-computer.de\/willkommen\/wp-json\/wp\/v2\/pages\/604\/revisions"}],"predecessor-version":[{"id":804,"href":"https:\/\/saphir-computer.de\/willkommen\/wp-json\/wp\/v2\/pages\/604\/revisions\/804"}],"wp:attachment":[{"href":"https:\/\/saphir-computer.de\/willkommen\/wp-json\/wp\/v2\/media?parent=604"}],"curies":[{"name":"wp","href":"https:\/\/api.w.org\/{rel}","templated":true}]}}