{"id":18,"date":"2023-08-02T14:17:56","date_gmt":"2023-08-02T14:17:56","guid":{"rendered":"https:\/\/saphir-computer.de\/?page_id=18"},"modified":"2023-09-21T17:02:54","modified_gmt":"2023-09-21T15:02:54","slug":"netzwerke","status":"publish","type":"page","link":"https:\/\/saphir-computer.de\/willkommen\/netzwerke","title":{"rendered":"Netzwerke"},"content":{"rendered":"\n<h1 class=\"wp-block-heading has-text-align-center\">Internet Anschluss &#8211; <br>Netzwerk &#8211; Festnetz Telefonie<\/h1>\n\n\n\n<p class=\"has-text-align-center\">Haben Sie einen Internet Anschluss oder sind Sie im Begriff einen Vertrag Ihrer Wahl abzuschlie\u00dfen?<br><br>Als Endverbraucher oder Gewerbetreibender sind sie im Zuge dessen auf ein funktionierendes und durchdachtes<br>Netzwerk angewiesen. Jedes neue und Netzwerk abh\u00e4ngige Endger\u00e4t ben\u00f6tigt ein stablies WLAN- oder LAN Netzwerk.<br><br>Angefangen von einem passenden Router mit entsprechenden Leistungsmerkmalen und Technik bis hin zu<br>kompatiblen Zubeh\u00f6r. Meistens lassen sich die Anschl\u00fcsse und Installationen nicht einfach so per WLAN<br>realisieren. Oftmals muss an den Zubeh\u00f6rteilen noch etwas ge\u00e4ndert oder umgestellt werden. <br><br>Das ist h\u00e4ufig mit viel Aufwand und technischem Wissen verkn\u00fcpft. Da kommen wir ins Spiel und k\u00f6nnen Ihnen <br>bei der einfachen Einrichtung Ihres Routers helfen oder Ihnen ein Netzwerk f\u00fcr Privat oder Gewerbe planen, installieren und konfigurieren. Von der<br>Besprechung bis hin zum Tagesbetrieb sorgen wir f\u00fcr die komplette Installation und Abwicklung. <br><br>Au\u00dferdem integrieren wir Ihre bestehende Technik, soweit sie kompatibel ist und sich integrieren l\u00e4sst. Ob VDSL oder Glasfaser.<br><br>Wir kommen gerne unverbindlich zu Ihnen und schauen mit Ihnen gemeinsam, wie sich so ein Anschluss oder eine<br>Erweiterung Ihres Anschlusses erreichen l\u00e4sst. Wir unterbreiten Ihnen ein Angebot und ber\u00fccksichtigen Ihre Bed\u00fcrfnisse<br>und W\u00fcnsche. Wir arbeiten mit  g\u00e4ngigen Produkten verschiedener Hersteller, die am Markt erh\u00e4ltlich sind. Wir haben Zugang<br>zu dem jeweiligen Support und kennen uns in dem Bereich aus.<\/p>\n\n\n\n<hr class=\"wp-block-separator has-alpha-channel-opacity\"\/>\n\n\n\n<h4 class=\"wp-block-heading has-text-align-center\">Unsere Leistungen und M\u00f6glichkeiten im Einzelnen<\/h4>\n\n\n\n<p class=\"has-text-align-center\">Beratung welcher Anschluss oder welcher Vertrag, d.h. Tarif f\u00fcr Sie in Frage kommt.<br><br>Wo in welchen Bereichen und R\u00e4umlichkeiten soll der Internet-Anschluss erfolgen.<br><br>Habe ich die M\u00f6glichkeit zwischen Funk und Kabell\u00f6sung? Oder kann ich dementsprechend variieren?<br><br>Wie sieht das aus mit den verschiedenen Endger\u00e4ten im Haushalt? Von dem PC, Notebook, Drucker,<br>smarten Zubeh\u00f6rteilen oder Haushaltsger\u00e4ten? Werden sie auch abgedeckt?<br><br>Welche Gr\u00f6\u00dfenordnung an Netzwerk ben\u00f6tige ich?<br>Welche Produkte muss ich erwerben um das Netzwerk zu errichten?<\/p>\n\n\n\n<hr class=\"wp-block-separator has-alpha-channel-opacity\"\/>\n\n\n\n<h4 class=\"wp-block-heading has-text-align-center\">Ihr Servicepartner von Anfang bis Ende<\/h4>\n\n\n\n<p class=\"has-text-align-center\">Gerne sind wir Ihr Partner rund um Ihren Internet- oder Netzwerkanschluss inklusive Festnetz.<br>Wir betreuen Sie von der ersten Sekunde an, bis hin zum Tagesbetrieb.<\/p>\n","protected":false},"excerpt":{"rendered":"<p>Internet Anschluss &#8211; Netzwerk &#8211; Festnetz Telefonie Haben Sie einen Internet Anschluss oder sind Sie im Begriff einen Vertrag Ihrer Wahl abzuschlie\u00dfen? Als Endverbraucher oder Gewerbetreibender sind sie im Zuge dessen auf ein funktionierendes und durchdachtesNetzwerk angewiesen. Jedes neue und Netzwerk abh\u00e4ngige Endger\u00e4t ben\u00f6tigt ein stablies WLAN- oder LAN Netzwerk. Angefangen von einem passenden Router&hellip;&nbsp;<a href=\"https:\/\/saphir-computer.de\/willkommen\/netzwerke\" class=\"\" rel=\"bookmark\">Weiterlesen &raquo;<span class=\"screen-reader-text\">Netzwerke<\/span><\/a><\/p>\n","protected":false},"author":2,"featured_media":0,"parent":0,"menu_order":0,"comment_status":"closed","ping_status":"closed","template":"","meta":{"neve_meta_sidebar":"","neve_meta_container":"","neve_meta_enable_content_width":"off","neve_meta_content_width":100,"neve_meta_title_alignment":"","neve_meta_author_avatar":"","neve_post_elements_order":"","neve_meta_disable_header":"","neve_meta_disable_footer":"","neve_meta_disable_title":"","neve_meta_reading_time":"","footnotes":""},"class_list":["post-18","page","type-page","status-publish","hentry"],"aioseo_notices":[],"_links":{"self":[{"href":"https:\/\/saphir-computer.de\/willkommen\/wp-json\/wp\/v2\/pages\/18","targetHints":{"allow":["GET"]}}],"collection":[{"href":"https:\/\/saphir-computer.de\/willkommen\/wp-json\/wp\/v2\/pages"}],"about":[{"href":"https:\/\/saphir-computer.de\/willkommen\/wp-json\/wp\/v2\/types\/page"}],"author":[{"embeddable":true,"href":"https:\/\/saphir-computer.de\/willkommen\/wp-json\/wp\/v2\/users\/2"}],"replies":[{"embeddable":true,"href":"https:\/\/saphir-computer.de\/willkommen\/wp-json\/wp\/v2\/comments?post=18"}],"version-history":[{"count":2,"href":"https:\/\/saphir-computer.de\/willkommen\/wp-json\/wp\/v2\/pages\/18\/revisions"}],"predecessor-version":[{"id":765,"href":"https:\/\/saphir-computer.de\/willkommen\/wp-json\/wp\/v2\/pages\/18\/revisions\/765"}],"wp:attachment":[{"href":"https:\/\/saphir-computer.de\/willkommen\/wp-json\/wp\/v2\/media?parent=18"}],"curies":[{"name":"wp","href":"https:\/\/api.w.org\/{rel}","templated":true}]}}