{"id":14,"date":"2023-08-02T14:17:37","date_gmt":"2023-08-02T14:17:37","guid":{"rendered":"https:\/\/saphir-computer.de\/?page_id=14"},"modified":"2023-09-19T14:16:10","modified_gmt":"2023-09-19T12:16:10","slug":"webdesign","status":"publish","type":"page","link":"https:\/\/saphir-computer.de\/willkommen\/webdesign","title":{"rendered":"Webdesign"},"content":{"rendered":"\n<h1 class=\"wp-block-heading has-text-align-center\">Webdesign<\/h1>\n\n\n\n<p class=\"has-text-align-center\">Seit vielen Jahren gibt es das Internet. In den letzten Jahren und Jahrzehnten, hat sich die Art und Weise des Auftritts sehr stark ver\u00e4ndert. <br>Fr\u00fcher war es m\u00f6glich, mit Hilfe von Drittanbieter Software kleinere Seiten zu erstellen oder ansprechende Visitenkarten. Heutzutage bieten verschiedene Anbieter neben einer Domain zur Miete auch noch das passende CMS System an. <br>Dieses System findet h\u00e4ufig Anwendung bei der Errichtung und Verwaltung von Blogs oder Webseiten. <br>Ob grunds\u00e4tzliche Registrierung beim jeweiligen Provider oder dem CMS-Anbieter. <br>Bis hin zur skalierbaren und flexiblen L\u00f6sung durch andere Content-Management-Systeme. <br><br>Wir k\u00f6nnen sie in vielen Bereichen unterst\u00fctzen. <br><br>Wenn Sie eine Domain anmieten und erstellen m\u00f6chten oder einen dahinter liegenden Shop in Betrieb nehmen m\u00f6chten. <br>F\u00fcr jede Branche und Gr\u00f6\u00dfe gibt es eine Vielzahl an L\u00f6sungen und M\u00f6glichkeiten. <br><br>Wir kennen uns aus, wenn es um entsprechende Vorraussetzungen  geht und begleiten Sie von der Bestellung oder Bereitstellung bis hin zum <br>Endbertrieb mit der Angliederung von Email, Endger\u00e4ten usw. <br><br>Unsere St\u00e4rken sind die Bildbearbeitung sowie das Zusammenspiel von Webseiten und einer Office-L\u00f6sung. <br>(Kontaktformular, WhatsApp, Telefon, Email).<\/p>\n\n\n\n<hr class=\"wp-block-separator has-alpha-channel-opacity\"\/>\n\n\n\n<p class=\"has-text-align-center\">Wir beherrschen verschiedene und g\u00e4ngige Systeme auf dem Markt. Auf Wunsch k\u00f6nnen Angebote, Produkte, und Dienstleistungen auch mit Verkaufsportalen gekoppelt oder verkn\u00fcpft werden. <\/p>\n","protected":false},"excerpt":{"rendered":"<p>Webdesign Seit vielen Jahren gibt es das Internet. In den letzten Jahren und Jahrzehnten, hat sich die Art und Weise des Auftritts sehr stark ver\u00e4ndert. Fr\u00fcher war es m\u00f6glich, mit Hilfe von Drittanbieter Software kleinere Seiten zu erstellen oder ansprechende Visitenkarten. Heutzutage bieten verschiedene Anbieter neben einer Domain zur Miete auch noch das passende CMS&hellip;&nbsp;<a href=\"https:\/\/saphir-computer.de\/willkommen\/webdesign\" class=\"\" rel=\"bookmark\">Weiterlesen &raquo;<span class=\"screen-reader-text\">Webdesign<\/span><\/a><\/p>\n","protected":false},"author":2,"featured_media":0,"parent":0,"menu_order":0,"comment_status":"closed","ping_status":"closed","template":"","meta":{"neve_meta_sidebar":"","neve_meta_container":"","neve_meta_enable_content_width":"off","neve_meta_content_width":100,"neve_meta_title_alignment":"","neve_meta_author_avatar":"","neve_post_elements_order":"","neve_meta_disable_header":"","neve_meta_disable_footer":"","neve_meta_disable_title":"","neve_meta_reading_time":"","footnotes":""},"class_list":["post-14","page","type-page","status-publish","hentry"],"aioseo_notices":[],"_links":{"self":[{"href":"https:\/\/saphir-computer.de\/willkommen\/wp-json\/wp\/v2\/pages\/14","targetHints":{"allow":["GET"]}}],"collection":[{"href":"https:\/\/saphir-computer.de\/willkommen\/wp-json\/wp\/v2\/pages"}],"about":[{"href":"https:\/\/saphir-computer.de\/willkommen\/wp-json\/wp\/v2\/types\/page"}],"author":[{"embeddable":true,"href":"https:\/\/saphir-computer.de\/willkommen\/wp-json\/wp\/v2\/users\/2"}],"replies":[{"embeddable":true,"href":"https:\/\/saphir-computer.de\/willkommen\/wp-json\/wp\/v2\/comments?post=14"}],"version-history":[{"count":4,"href":"https:\/\/saphir-computer.de\/willkommen\/wp-json\/wp\/v2\/pages\/14\/revisions"}],"predecessor-version":[{"id":756,"href":"https:\/\/saphir-computer.de\/willkommen\/wp-json\/wp\/v2\/pages\/14\/revisions\/756"}],"wp:attachment":[{"href":"https:\/\/saphir-computer.de\/willkommen\/wp-json\/wp\/v2\/media?parent=14"}],"curies":[{"name":"wp","href":"https:\/\/api.w.org\/{rel}","templated":true}]}}